 when 31647 is divided by 75.
72
Calculate the remainder when 270 is divided by 52.
10
What is the remainder when 71 is divided by 62?
9
What is the remainder when 414 is divided by 14?
8
Calculate the remainder when 1257 is divided by 28.
25
Calculate the remainder when 3528 is divided by 10.
8
Calculate the remainder when 123 is divided by 21.
18
What is the remainder when 134 is divided by 28?
22
What is the remainder when 481 is divided by 6?
1
Calculate the remainder when 1793 is divided by 69.
68
Calculate the remainder when 402 is divided by 14.
10
Calculate the remainder when 576 is divided by 151.
123
Calculate the remainder when 637 is divided by 23.
16
Calculate the remainder when 558 is divided by 17.
14
Calculate the remainder when 54 is divided by 24.
6
Calculate the remainder when 11351 is divided by 12.
11
Calculate the remainder when 417 is divided by 106.
99
Calculate the remainder when 385 is divided by 132.
121
Calculate the remainder when 26 is divided by 8.
2
What is the remainder when 573 is divided by 286?
1
What is the remainder when 69 is divided by 24?
21
Calculate the remainder when 482 is divided by 79.
8
Calculate the remainder when 589 is divided by 83.
8
What is the remainder when 571 is divided by 141?
7
Calculate the remainder when 519 is divided by 99.
24
What is the remainder when 950 is divided by 56?
54
What is the remainder when 1549 is divided by 14?
9
What is the remainder when 265 is divided by 15?
10
What is the remainder when 784 is divided by 72?
64
Calculate the remainder when 4736 is divided by 83.
5
Calculate the remainder when 140 is divided by 43.
11
What is the remainder when 8838 is divided by 112?
102
Calculate the remainder when 445 is divided by 127.
64
Calculate the remainder when 3267 is divided by 1631.
5
Calculate the remainder when 22859 is divided by 18.
17
What is the remainder when 2497 is divided by 5?
2
Calculate the remainder when 50 is divided by 18.
14
What is the remainder when 2080 is divided by 6?
4
Calculate the remainder when 135 is divided by 6.
3
What is the remainder when 75 is divided by 35?
5
What is the remainder when 4786 is divided by 21?
19
What is the remainder when 538 is divided by 201?
136
Calculate the remainder when 1075 is divided by 13.
9
Calculate the remainder when 15482 is divided by 13.
12
What is the remainder when 412 is divided by 28?
20
What is the remainder when 453 is divided by 24?
21
Calculate the remainder when 330 is divided by 14.
8
What is the remainder when 1356 is divided by 29?
22
What is the remainder when 3824 is divided by 85?
84
What is the remainder when 727 is divided by 23?
14
What is the remainder when 119 is divided by 29?
3
Calculate the remainder when 528 is divided by 59.
56
Calculate the remainder when 566 is divided by 81.
80
What is the remainder when 152 is divided by 16?
8
Calculate the remainder when 818 is divided by 91.
90
Calculate the remainder when 90 is divided by 70.
20
What is the remainder when 1063 is divided by 134?
125
What is the remainder when 187 is divided by 19?
16
Calculate the remainder when 70 is divided by 21.
7
What is the remainder when 58 is divided by 11?
3
Calculate the remainder when 363 is divided by 125.
113
What is the remainder when 118 is divided by 57?
4
What is the remainder when 95 is divided by 21?
11
Calculate the remainder when 42 is divided by 11.
9
Calculate the remainder when 261 is divided by 22.
19
What is the remainder when 11 is divided by 5?
1
Calculate the remainder when 629 is divided by 281.
67
Calculate the remainder when 549 is divided by 80.
69
Calculate the remainder when 15698 is divided by 50.
48
Calculate the remainder when 110 is divided by 63.
47
Calculate the remainder when 212 is divided by 114.
98
Calculate the remainder when 6866 is divided by 429.
2
What is the remainder when 120 is divided by 59?
2
Calculate the remainder when 9335 is divided by 20.
15
Calculate the remainder when 439 is divided by 31.
5
Calculate the remainder when 6095 is divided by 107.
103
Calculate the remainder when 320 is divided by 316.
4
Calculate the remainder when 1067 is divided by 111.
68
Calculate the remainder when 105 is divided by 54.
51
What is the remainder when 4626 is divided by 258?
240
What is the remainder when 107 is divided by 36?
35
What is the remainder when 600 is divided by 210?
180
Calculate the remainder when 539 is divided by 36.
35
Calculate the remainder when 1258 is divided by 75.
58
Calculate the remainder when 1482 is divided by 205.
47
Calculate the remainder when 103793 is divided by 308.
305
Calculate the remainder when 267 is divided by 42.
15
What is the remainder when 145 is divided by 51?
43
Calculate the remainder when 7154 is divided by 179.
173
Calculate the remainder when 1554 is divided by 33.
3
Calculate the remainder when 3131 is divided by 73.
65
What is the remainder when 914 is divided by 241?
191
What is the remainder when 501 is divided by 8?
5
Calculate the remainder when 416 is divided by 132.
20
What is the remainder when 80 is divided by 27?
26
Calculate the remainder when 116 is divided by 10.
6
Calculate the remainder when 191 is divided by 84.
23
What is the remainder when 1638 is divided by 92?
74
What is the remainder when 20789 is divided by 55?
54
What is the remainder when 108 is divided by 102?
6
What is the remainder when 108 is divided by 71?
37
Calculate the remainder when 608 is divided by 154.
146
Calculate the remainder when 278 is divided by 35.
33
What is the remainder when 36 is divided by 19?
17
Calculate the remainder when 1310 is divided by 432.
14
What is the remainder when 621 is divided by 70?
61
What is the remainder when 429 is divided by 227?
202
What is the remainder when 6 is divided by 1?
0
Calculate the remainder when 845 is divided by 47.
46
Calculate the remainder when 285 is divided by 6.
3
What is the remainder when 254 is divided by 65?
59
Calculate the remainder when 61 is divided by 58.
3
What is the remainder when 588 is divided by 116?
8
Calculate the remainder when 162 is divided by 87.
75
What is the remainder when 519 is divided by 58?
55
What is the remainder when 245 is divided by 13?
11
What is the remainder when 5976 is divided by 428?
412
Calculate the remainder when 29 is divided by 9.
2
What is the remainder when 4729 is divided by 11?
10
Calculate the remainder when 596 is divided by 205.
186
Calculate the remainder when 923 is divided by 42.
41
Calculate the remainder when 16804 is divided by 160.
4
What is the remainder when 122 is divided by 26?
18
Calculate the remainder when 987 is divided by 5.
2
What is the remainder when 30445 is divided by 153?
151
Calculate the remainder when 547 is divided by 50.
47
Calculate the remainder when 19 is divided by 12.
7
Calculate the remainder when 72 is divided by 31.
10
Calculate the remainder when 62 is divided by 27.
8
Calculate the remainder when 1426 is divided by 382.
280
What is the remainder when 838 is divided by 37?
24
What is the remainder when 305 is divided by 24?
17
Calculate the remainder when 540 is divided by 175.
15
What is the remainder when 62717 is divided by 128?
125
What is the remainder when 24 is divided by 5?
4
What is the remainder when 10505 is divided by 34?
33
What is the remainder when 170 is divided by 59?
52
What is the remainder when 2 is divided by 1?
0
What is the remainder when 889 is divided by 20?
9
Calculate the remainder when 1613 is divided by 321.
8
What is the remainder when 296 is divided by 11?
10
Calculate the remainder when 738 is divided by 20.
18
What is the remainder when 728 is divided by 43?
40
What is the remainder when 36 is divided by 14?
8
What is the remainder when 8060 is divided by 128?
124
Calculate the remainder when 380 is divided by 12.
8
Calculate the remainder when 227 is divided by 46.
43
What is the remainder when 131 is divided by 20?
11
What is the remainder when 104 is divided by 56?
48
What is the remainder when 567 is divided by 136?
23
Calculate the remainder when 30 is divided by 20.
10
What is the remainder when 443 is divided by 116?
95
Calculate the remainder when 1654 is divided by 3.
1
Calculate the remainder when 402 is divided by 169.
64
Calculate the 